rue
Suppose l - 12*l = 4*c - 10972629, l + 3*c = 997517. Is l a composite number?
False
Let w(y) be the third derivative of -29/12*y**4 + 0 + 2*y**2 + 3/2*y**3 + 0*y. Is w(-5) composite?
True
Let w(d) = 6*d - 40. Let b = -67 + 73. Let n be w(b). Is 19/(n - (-2)/(22/45)) prime?
False
Suppose -3*b + 287214 = -4*m, 104580 - 391794 = -3*b - 3*m. Is b a composite number?
True
Suppose f - 67356 = -2*q, -2*f = -3*q - 3*f + 101035. Is q composite?
False
Suppose -8*p - 52064 = -129112. Suppose -10*l + p + 11179 = 0. Is l a prime number?
True
Suppose 14*k = -2356 - 2152. Is (1361/(-7))/(46/k) a composite number?
False
Let s(g) = 15*g**2 - 30*g**2 + 73*g + 12*g**2 - 22 + 7*g**2. Is s(15) a composite number?
False
Let a(t) = -t**3 - 6*t**2. Let q be a(-6). Suppose 2*z + 7*z - 35514 = q. Is z a composite number?
True
Let y(n) = -42*n**3 - 6*n**2 - 8*n - 22. Let m be 0 + -5*(-12)/(-10). Is y(m) a prime number?
False
Let v = 139385 - 70926. Is v composite?
True
Let x be -1940*(-1 - (5 + -4)). Suppose -5*a = 4*y + y - x, 2*a - 1567 = y. Is a a composite number?
True
Let p(r) = r - 2. Let n(g) = -695*g + 89. Let y(f) = -n(f) + 6*p(f). Is y(6) composite?
True
Suppose -396113 = -b - 60920. Is b a composite number?
True
Let u be (27/12)/(12/64). Suppose -2*h - 122710 = -u*h. Is h prime?
False
Suppose -m - 5*d + 108 = 0, 64 = 2*m + 2*d - 136. Suppose -m*k + 103*k - 11665 = 0. Is k prime?
True
Let q = -66 - -114. Suppose -4*r = -4*n + q, -3*r = 4*n + r - 8. Suppose 3*p - n*p = -1004. Is p a composite number?
False
Is (-2 - (-6 - -12) - -470606) + (1 - 6) composite?
False
Let s = 22 - 17. Let o be (s + 3)/(2 - (2 - 2)). Suppose -2*b = o*b - 84. Is b prime?
False
Suppose 4 = -4*t, 4*t - 7105 - 12335 = -2*j. Suppose 5*c + 3*v + 1546 = 25851, 0 = 2*c + v - j. Is c prime?
True
Let j be (4 - (-208)/(-28))*14. Let v = -44 - j. Suppose 4*t + 0*t = -5*o + 6029, 3*t - v*o = 4545. Is t prime?
True
Let s = 8713 + 3425. Let z = s + -2767. Is z prime?
True
Let g be (7 + -2)/(-3 - 146/(-48)). Suppose -m + 11*m = g. Suppose m*j - 2319 = -27. Is j a prime number?
True
Suppose 5*u - 3683935 = -3*a, 1473574 = -151*u + 153*u - 4*a. Is u a composite number?
False
Suppose 0 = 5*a + 2*a + 567. Let v = 139 + a. Suppose v*r = 56*r + 1082. Is r composite?
False
Let b(c) = c**3 + 13*c**2 + 11*c - 8. Let n be b(-12). Suppose 0 = -n*g - 273 + 1253. Suppose -u + 876 = g. Is u a prime number?
True
Let f(a) = -a**3 + 31*a**2 + 68*a - 38. Let t be f(33). Suppose -t*k = 91458 - 688222. Is k a composite number?
False
Suppose 6*a - 11*a = 2*l - 47862, 0 = 3*l + 4*a - 71779. Is l composite?
True
Let m = -73 + 69. Is 4563 - m/4 - 3 prime?
True
Let u = 34466 + 13551. Is u a composite number?
False
Let v(r) = -2*r - r**2 + 82*r**2 - 5 - 3 + 2. Let d(z) = -z - 6. Let g be d(-8). Is v(g) a composite number?
True
Let s be 0/(4 + 0 + -3). Suppose s = 4*y - 3*n - 9997, -3*n = -13 - 2. Is y a prime number?
True
Suppose -423*g + 411*g + 45924 = 0. Is g a prime number?
False
Let o be 2 - (-9)/(18/4). Suppose -o = -5*i + 16. Suppose -i*g + 7554 = 2*g. Is g a prime number?
True
Let y(c) = c - 6. Let f be y(6). Let j(a) = 2*a**3 + a + 4. Let l be j(f). Suppose v + 1515 = l*v. Is v composite?
True
Let v(j) = 4128*j + 5801. Is v(17) prime?
False
Let d(m) = -99819*m + 833. Is d(-2) a prime number?
False
Suppose 19*t - 72*t + 8400042 = -238375. Is t a composite number?
False
Let g = -26 + 31. Suppose -2*n + g*s = -6798, -6*n + 17049 = -n + s. Is n prime?
False
Suppose 0 = 4*r + 16 + 4, 4*g + 21639 = -3*r. Is g/(-3) + (1 - (-8)/(-4)) a composite number?
False
Suppose 4*r - 4744381 = -z + 6*z, -4*z + 1186111 = r. Is r a prime number?
True
Let d(r) = r + 217. Suppose -a + 70 - 64 = 0. Suppose -3*o - a*o = 0. Is d(o) composite?
True
Let n(f) = -850*f**3 + 14*f**2 - 191*f - 2454. Is n(-13) a prime number?
False
Suppose 4*h = -3*c - 554 + 27484, 0 = -4*h - 5*c + 26934. Is h prime?
False
Is 7279 - (-14)/28*-10 a prime number?
False
Suppose 3*x = -4*g - 4, 0 = x - g - 10 + 2. Let m be 1*(2 + 1) - x - 6. Let h(i) = 6*i**2 + i - 16. Is h(m) a prime number?
True
Let v be ((-85)/51)/(0 - (-2)/(-18)). Suppose 128929 - 1924 = v*h. Is h a composite number?
False
Is -5*(45/9)/5*936718/(-10) a composite number?
False
Suppose -3*p - 10 = -2*q + 4*q, 17 = -3*q - 5*p. Suppose 3*c = -q - 17. Let f(d) = -11*d**3 + 5*d**2 - 13*d + 13. Is f(c) a composite number?
False
Let z be -3*(-2)/(-4)*118/(-3). Suppose 3*m - 1 = z. Let w(o) = 28*o - 46. Is w(m) a composite number?
True
Suppose -h = -4*y + 1072, -5*y - h = 4*h - 1340. Suppose -110 = 6*l + y. Let d = -26 - l. Is d a composite number?
False
Let o = -23366 - -138285. Is o a prime number?
False
Let v(d) = -3*d**3 - 5*d**2 - 18*d - 12. Let q(k) = k**3 - k**2 + k. Let r(h) = 3*q(h) - v(h). Is r(9) a composite number?
True
Suppose -1818937 = -4*h + 2*c + 4028953, 7309866 = 5*h + c. Is h a composite number?
False
Suppose -2*t + 28 = -718. Let s = -216 + t. Is s a composite number?
False
Let g(r) be the second derivative of 257*r**3/2 + 3*r**2/2 + 2*r. Let j be g(2). Let z = 2758 - j. Is z prime?
True
Let v be 1/((-4*(-3)/224)/78). Suppose -2*t + 1614 = -v. Suppose -2*l + 7*l - t = 0. Is l a composite number?
False
Let q(r) = 7 + 0 + 7 + 5 - 7*r. Let t be q(5). Is (1867*4/t)/(2/(-8)) a prime number?
True
Suppose 381*w - 352*w - 221009 = 0. Is w a prime number?
True
Suppose 3*q + 4*n = -42, q + 4*n - 18 = 4*q. Let g be 3/(-2) + (-65)/q. Suppose b + 4 = 0, -4*b = g*p - 1603 - 2696. Is p a prime number?
True
Suppose 5*b + 22*v = 23*v + 845666, 5 = -5*v. Is b composite?
True
Let i be -24 + 20 - 6/(-3). Is 6/(-4)*(i - 2180) a prime number?
False
Suppose 3*u - 236966 = 4*w - 9*w, 0 = 3*u + 4*w - 236959. Is u prime?
True
Let p = -26 - -31. Suppose 0 = 2*s - p*s - 114. Let k = 69 + s. Is k composite?
False
Let k(z) = 731*z**2 - 47*z + 73. Is k(8) prime?
False
Suppose -248*m - 503305 = -259*m. Is m a composite number?
True
Let x = -181001 - -437338. Is x a prime number?
True
Suppose 32*y - 19243260 - 4109175 = -13*y. Is y composite?
True
Let c(k) = k**3 + 21*k**2 + 24*k + 17. Let o be c(-19). Suppose 3*m - o = 947. Suppose -2*y = 0, 2*a - y - m = 2*y. Is a composite?
True
Let d(t) = 4557*t**2 - 115*t + 7. Is d(5) a composite number?
False
Let g = 698977 - 387222. Is g a composite number?
True
Suppose 0*j = -2*j + 4, -2*j = -5*w + 66. Suppose w*d - 4310 = 9*d. Suppose -2*m + 2132 = d. Is m a prime number?
False
Is (-290152 + 138)/(-1 + -1) a composite number?
False
Suppose 0 = -34*n + 37*n + 6, 4*u + n = 270090. Is u a prime number?
True
Let i(g) = -g**3 - 21*g**2 + 20*g - 40. Let s be i(-22). Suppose 57982 = 5*a + 2*d - 40687, -5*a + 98687 = -s*d. Is a a composite number?
True
Let r(m) = 3031*m - 886. Is r(35) a prime number?
True
Let a(m) = 476*m**2 + 370*m + 89. Is a(24) prime?
False
Let k(h) = 43*h**3 - 31*h**2 + 16*h + 16. Let w be k(12). Suppose -8*a + w + 56472 = 0. Is a a prime number?
False
Let w(p) = 34*p**2 + 4 + 13*p**2 - 6*p + 34. Let x = 3547 - 3556. Is w(x) a prime number?
False
Let x be 10/(-3)*(-78)/65. Suppose x*u - 318 - 12846 = 0. Is u prime?
False
Let c(n) = 2303*n**2 + 123*n + 969. Is c(-8) prime?
True
Let p(y) = -685*y - 77. Suppose 2*z + 20 - 42 = o, z + 55 = -5*o. Is p(o) prime?
False
Let r = -472 - -896. Suppose -15*k + 17*k = -r. Let y = k - -571. Is y a composite number?
False
Suppose 12 = 5*l - 4*i, 0*i + 2*i = 5*l - 16. Suppose 3*n + l*k - 14163 = 0, -5*n - 2*k + 3990 = -19615. Is n prime?
True
Is ((-518)/42 + 11)/(((-24)/2833263)/2) a composite number?
False
Suppose 0 = 4*v - 217*p + 216*p - 469676, 2*v = 5*p + 234838. Is v composite?
True
Suppose -4*h = 5*z - 901545, z = 3*z + 4*h - 360630. Is z a prime number?
False
Is (165/(-30))/((-378895)/378890 + 1) a prime number?
False
Let h = 271 - 49. Is (-1 - (-2934)/(-8))/(h/(-888)) a prime number?
True
Suppose 2*l = -2*f + 190668, -f + 2*f = l - 95340. Suppose v - 15*g - 19065 = -14*g, -5*v - g = -l. Is v a prime number?
False
Suppose -z - 8793 - 23322 = -f, f = 3*z + 32111. Is f a prime number?
True
Suppose -7740679 = -125*u + 9422196. Is u a prime number?
True
Suppose 2*g - 6*g - 20838 = 2*a, 3*a - 20813 = 4*g. Let i = g - -8244. Is i a prime number?
True
Let l(c) = -c**3 + 6*c**2 - 9*c + 6. Let x be l(3). Let i(r) = 46*r 